{"version":"1.0","provider_name":"GProCommission","provider_url":"https:\/\/gprocommission.org\/fr\/","title":"Le besoin crucial de formateurs de pasteurs - GProCommission","type":"rich","width":600,"height":338,"html":"<blockquote class=\"wp-embedded-content\" data-secret=\"XvQbGJlVaB\"><a href=\"https:\/\/gprocommission.org\/fr\/resources\/le-besoin-crucial-de-formateurs-de-pasteurs\/\">Le besoin crucial de formateurs de pasteurs<\/a><\/blockquote><iframe sandbox=\"allow-scripts\" security=\"restricted\" src=\"https:\/\/gprocommission.org\/fr\/resources\/le-besoin-crucial-de-formateurs-de-pasteurs\/embed\/#?secret=XvQbGJlVaB\" width=\"600\" height=\"338\" title=\"\u00ab\u00a0Le besoin crucial de formateurs de pasteurs\u00a0\u00bb &#8212; GProCommission\" data-secret=\"XvQbGJlVaB\" frameborder=\"0\" marginwidth=\"0\" marginheight=\"0\" scrolling=\"no\" class=\"wp-embedded-content\"><\/iframe><script type=\"text\/javascript\">\n\/* <![CDATA[ *\/\n\/*! This file is auto-generated *\/\n!function(d,l){\"use strict\";l.querySelector&&d.addEventListener&&\"undefined\"!=typeof URL&&(d.wp=d.wp||{},d.wp.receiveEmbedMessage||(d.wp.receiveEmbedMessage=function(e){var t=e.data;if((t||t.secret||t.message||t.value)&&!\/[^a-zA-Z0-9]\/.test(t.secret)){for(var s,r,n,a=l.querySelectorAll('iframe[data-secret=\"'+t.secret+'\"]'),o=l.querySelectorAll('blockquote[data-secret=\"'+t.secret+'\"]'),c=new RegExp(\"^https?:$\",\"i\"),i=0;i<o.length;i++)o[i].style.display=\"none\";for(i=0;i<a.length;i++)s=a[i],e.source===s.contentWindow&&(s.removeAttribute(\"style\"),\"height\"===t.message?(1e3<(r=parseInt(t.value,10))?r=1e3:~~r<200&&(r=200),s.height=r):\"link\"===t.message&&(r=new URL(s.getAttribute(\"src\")),n=new URL(t.value),c.test(n.protocol))&&n.host===r.host&&l.activeElement===s&&(d.top.location.href=t.value))}},d.addEventListener(\"message\",d.wp.receiveEmbedMessage,!1),l.addEventListener(\"DOMContentLoaded\",function(){for(var e,t,s=l.querySelectorAll(\"iframe.wp-embedded-content\"),r=0;r<s.length;r++)(t=(e=s[r]).getAttribute(\"data-secret\"))||(t=Math.random().toString(36).substring(2,12),e.src+=\"#?secret=\"+t,e.setAttribute(\"data-secret\",t)),e.contentWindow.postMessage({message:\"ready\",secret:t},\"*\")},!1)))}(window,document);\n\/\/# sourceURL=https:\/\/gprocommission.org\/wp-includes\/js\/wp-embed.min.js\n\/* ]]> *\/\n<\/script>\n","thumbnail_url":"https:\/\/gprocommission.org\/wp-content\/uploads\/2025\/11\/FEB2025EN-1.jpeg","thumbnail_width":1080,"thumbnail_height":1080,"description":"Les intervenants Joey Shaw de l'Alliance mondiale pour la multiplication des \u00e9glises et le Dr. Michael Ortiz de l'ICETE ont livr\u00e9 des id\u00e9es puissantes, en se concentrant sur l'expansion des efforts d'implantation d'\u00e9glises et sur le recalibrage de l'\u00e9ducation th\u00e9ologique pour qu'elle remplisse son objectif missionnaire. Le diaporama de Joey Shaw et un r\u00e9sum\u00e9 avec des questions de r\u00e9flexion sont disponibles, offrant une exploration plus profonde de leur appel unifi\u00e9 \u00e0 int\u00e9grer des voix diverses et \u00e0 cr\u00e9er un impact durable dans le d\u00e9veloppement du leadership pastoral."}

Les intervenants Joey Shaw de l'Alliance mondiale pour la multiplication des églises et le Dr. Michael Ortiz de l'ICETE ont livré des idées puissantes, en se concentrant sur l'expansion des efforts d'implantation d'églises et sur le recalibrage de l'éducation théologique pour qu'elle remplisse son objectif missionnaire. Le diaporama de Joey Shaw et un résumé avec des questions de réflexion sont disponibles, offrant une exploration plus profonde de leur appel unifié à intégrer des voix diverses et à créer un impact durable dans le développement du leadership pastoral.
