{"version":"1.0","provider_name":"GProCommission","provider_url":"https:\/\/gprocommission.org\/fr\/","title":"\u00c9laboration d'un plan de formation des formateurs - GProCommission","type":"rich","width":600,"height":338,"html":"<blockquote class=\"wp-embedded-content\" data-secret=\"4rJLSmIzfE\"><a href=\"https:\/\/gprocommission.org\/fr\/resources\/elaboration-dun-plan-de-formation-des-formateurs\/\">\u00c9laboration d&rsquo;un plan de formation des formateurs<\/a><\/blockquote><iframe sandbox=\"allow-scripts\" security=\"restricted\" src=\"https:\/\/gprocommission.org\/fr\/resources\/elaboration-dun-plan-de-formation-des-formateurs\/embed\/#?secret=4rJLSmIzfE\" width=\"600\" height=\"338\" title=\"\u00ab\u00a0\u00c9laboration d&rsquo;un plan de formation des formateurs\u00a0\u00bb &#8212; GProCommission\" data-secret=\"4rJLSmIzfE\" frameborder=\"0\" marginwidth=\"0\" marginheight=\"0\" scrolling=\"no\" class=\"wp-embedded-content\"><\/iframe><script type=\"text\/javascript\">\n\/* <![CDATA[ *\/\n\/*! This file is auto-generated *\/\n!function(d,l){\"use strict\";l.querySelector&&d.addEventListener&&\"undefined\"!=typeof URL&&(d.wp=d.wp||{},d.wp.receiveEmbedMessage||(d.wp.receiveEmbedMessage=function(e){var t=e.data;if((t||t.secret||t.message||t.value)&&!\/[^a-zA-Z0-9]\/.test(t.secret)){for(var s,r,n,a=l.querySelectorAll('iframe[data-secret=\"'+t.secret+'\"]'),o=l.querySelectorAll('blockquote[data-secret=\"'+t.secret+'\"]'),c=new RegExp(\"^https?:$\",\"i\"),i=0;i<o.length;i++)o[i].style.display=\"none\";for(i=0;i<a.length;i++)s=a[i],e.source===s.contentWindow&&(s.removeAttribute(\"style\"),\"height\"===t.message?(1e3<(r=parseInt(t.value,10))?r=1e3:~~r<200&&(r=200),s.height=r):\"link\"===t.message&&(r=new URL(s.getAttribute(\"src\")),n=new URL(t.value),c.test(n.protocol))&&n.host===r.host&&l.activeElement===s&&(d.top.location.href=t.value))}},d.addEventListener(\"message\",d.wp.receiveEmbedMessage,!1),l.addEventListener(\"DOMContentLoaded\",function(){for(var e,t,s=l.querySelectorAll(\"iframe.wp-embedded-content\"),r=0;r<s.length;r++)(t=(e=s[r]).getAttribute(\"data-secret\"))||(t=Math.random().toString(36).substring(2,12),e.src+=\"#?secret=\"+t,e.setAttribute(\"data-secret\",t)),e.contentWindow.postMessage({message:\"ready\",secret:t},\"*\")},!1)))}(window,document);\n\/\/# sourceURL=https:\/\/gprocommission.org\/wp-includes\/js\/wp-embed.min.js\n\/* ]]> *\/\n<\/script>\n","thumbnail_url":"https:\/\/gprocommission.org\/wp-content\/uploads\/2025\/11\/SEPT2024EN.png","thumbnail_width":1080,"thumbnail_height":1080,"description":"D\u00e9couvrez l'impact puissant de la formation pastorale non formelle et apprenez des strat\u00e9gies pour former et \u00e9quiper de nouveaux formateurs de pasteurs dans le monde entier. Craig Parro et Al Bridges partagent des id\u00e9es cl\u00e9s sur la s\u00e9lection des bons leaders, la fourniture d'un coaching pratique et la multiplication des formateurs. \u00c9coutez des t\u00e9moignages inspirants des Philippines et explorez des moyens de fortifier la sant\u00e9 des \u00e9glises dans le monde entier. Regarder maintenant !"}

Élaboration d'un plan de formation des formateurs - GProCommission

<blockquote class="wp-embedded-content" data-secret="4rJLSmIzfE"><a href="https://gprocommission.org/fr/resources/elaboration-dun-plan-de-formation-des-formateurs/">Élaboration d&rsquo;un plan de formation des formateurs</a></blockquote><iframe sandbox="allow-scripts" security="restricted" src="https://gprocommission.org/fr/resources/elaboration-dun-plan-de-formation-des-formateurs/embed/#?secret=4rJLSmIzfE" width="600" height="338" title="« Élaboration d&rsquo;un plan de formation des formateurs » &#8212; GProCommission" data-secret="4rJLSmIzfE" frameborder="0" marginwidth="0" marginheight="0" scrolling="no" class="wp-embedded-content"></iframe><script type="text/javascript">
/* <![CDATA[ */
/*! This file is auto-generated */
!function(d,l){"use strict";l.querySelector&&d.addEventListener&&"undefined"!=typeof URL&&(d.wp=d.wp||{},d.wp.receiveEmbedMessage||(d.wp.receiveEmbedMessage=function(e){var t=e.data;if((t||t.secret||t.message||t.value)&&!/[^a-zA-Z0-9]/.test(t.secret)){for(var s,r,n,a=l.querySelectorAll('iframe[data-secret="'+t.secret+'"]'),o=l.querySelectorAll('blockquote[data-secret="'+t.secret+'"]'),c=new RegExp("^https?:$","i"),i=0;i<o.length;i++)o[i].style.display="none";for(i=0;i<a.length;i++)s=a[i],e.source===s.contentWindow&&(s.removeAttribute("style"),"height"===t.message?(1e3<(r=parseInt(t.value,10))?r=1e3:~~r<200&&(r=200),s.height=r):"link"===t.message&&(r=new URL(s.getAttribute("src")),n=new URL(t.value),c.test(n.protocol))&&n.host===r.host&&l.activeElement===s&&(d.top.location.href=t.value))}},d.addEventListener("message",d.wp.receiveEmbedMessage,!1),l.addEventListener("DOMContentLoaded",function(){for(var e,t,s=l.querySelectorAll("iframe.wp-embedded-content"),r=0;r<s.length;r++)(t=(e=s[r]).getAttribute("data-secret"))||(t=Math.random().toString(36).substring(2,12),e.src+="#?secret="+t,e.setAttribute("data-secret",t)),e.contentWindow.postMessage({message:"ready",secret:t},"*")},!1)))}(window,document);
//# sourceURL=https://gprocommission.org/wp-includes/js/wp-embed.min.js
/* ]]> */
</script>

Découvrez l'impact puissant de la formation pastorale non formelle et apprenez des stratégies pour former et équiper de nouveaux formateurs de pasteurs dans le monde entier. Craig Parro et Al Bridges partagent des idées clés sur la sélection des bons leaders, la fourniture d'un coaching pratique et la multiplication des formateurs. Écoutez des témoignages inspirants des Philippines et explorez des moyens de fortifier la santé des églises dans le monde entier. Regarder maintenant !
